 = y - 43. What is the units digit of i?
0
Suppose 0 = 2*y + 2*y + 4*u - 16, 2*y + 1 = u. What is the units digit of 0/y + 2 + 55?
7
Let r(s) = -3*s + 52. Let o be r(16). What is the units digit of o/14 + (-164)/(-14)?
2
Let b(o) = -6*o - 16. Let u be b(-3). Suppose u*w - 42 = 84. What is the units digit of w?
3
Suppose -5*k = -2*a + 34, -2*a + 1 = -3. Let d(l) = -l**3 - 5*l**2 + 7*l + 5. Let f be d(k). What is the units digit of 1/(-1)*f + 29?
0
Let m(w) = -w**3 + 5*w**2 - 10*w + 4. Let p be m(4). Let c be (66/12)/((-2)/(-4)). Let i = c - p. What is the tens digit of i?
3
Let n be (-3 + 0)*10/(-3). Let p = n - 10. Suppose -2*i = -p*i - 44. What is the tens digit of i?
2
Let n(j) = 2*j**2 - 15*j - 615. What is the units digit of n(53)?
8
Let q be (16/(-3))/(4/(-18)). Suppose -2*c + 16 = -q. What is the tens digit of c?
2
Let u be -2 - (-181 - 8/(-2)). Suppose 3*w + 43 = u. Let f = -19 + w. What is the units digit of f?
5
Let s(w) = w**3 + 6*w**2 + 4*w. Let h(o) = -o - 6. Let q be h(-9). Suppose -5*f = a - 4*a + q, 3*f + 13 = -a. What is the units digit of s(a)?
6
Suppose -3*s - 142 + 2434 = 0. What is the tens digit of s?
6
Let j(p) = -p**3 - 3*p**2 + 4*p + 4. Let g be j(-4). Suppose 0 = g*r + 5*l + 7, -2*r = 2*r + l - 5. What is the units digit of r + 1 - 0 - -15?
8
Suppose -a + l = -1032 - 475, 5*a - 3*l - 7533 = 0. What is the units digit of a?
6
Let o = -4 + 8. Let q be 10 + 4*o/16. What is the units digit of q/(44/24) - 1?
5
Suppose 4*f = k - 4*k + 127, 0 = -f + k + 23. What is the tens digit of f?
2
Suppose 52*b + 22*b = 239760. What is the thousands digit of b?
3
Let g(k) = 15*k + 52. Let a be g(-13). Let x = -13 - a. What is the hundreds digit of x?
1
Let c = -64 - -67. Suppose 0 = 3*s - c*r + 2*r - 97, 3*s - 100 = 4*r. What is the units digit of s?
2
Suppose u = -3*j + 3420, -25*j = -21*j. What is the tens digit of u?
2
Let b(q) = -354*q**3 + 18*q**2 + 34*q + 3. What is the hundreds digit of b(-2)?
8
Let u(i) = -12*i**3 - 2*i**2 + i. Let d be u(1). Let b = 13 + d. Let q(g) = -g**2 + g + 36. What is the tens digit of q(b)?
3
Suppose 312 = -0*i + 5*i + 2*p, 3*i = -2*p + 188. Suppose -k - n - 43 = -3*k, 3*k - 2*n = i. What is the units digit of k?
4
Let l(f) = f**3 + 3*f**2 + 3*f + 5. Let u be l(-2). What is the tens digit of 66 - ((u - 5) + 0)?
6
Let n(f) = 762*f**3 + f**2 - 11*f + 9. What is the units digit of n(1)?
1
Suppose 5*h - 174 = 646. Let y = h - 105. What is the tens digit of y?
5
Suppose 5*t + 148 = 7*t - 3*m, 0 = -t - m + 69. Let f = -56 + t. What is the tens digit of f?
1
Let u be 4428/8 + 9*(-1)/(-6). Let s = -256 + u. What is the hundreds digit of s?
2
Suppose -9*m = -6*m - 81. What is the units digit of 2/9 + 7473/m?
7
Let n(j) = -j**3 - 2*j**2 + 10*j + 45. What is the thousands digit of n(-11)?
1
What is the hundreds digit of ((-12)/(-8))/(-3) - 7024/(-32)?
2
Let j be ((-6)/(-4))/(24/3056). Suppose -3*n - 2*h = 3*h - j, 2*n + 2*h = 130. What is the tens digit of n?
6
Suppose -16 = -4*z + 4*x, 4*z + 2*x - 10 = -0*x. Suppose 4*j - z*q = 2*j + 162, 0 = 5*j - 3*q - 396. What is the tens digit of j?
7
Let l be (3 - (-1 - -4))/(-4 + 6). Suppose 2*z - 4*h - 238 = l, -h = 2*z - 3*h - 248. What is the units digit of z?
9
Let g(f) = -f**3 + 6*f**2 + 5*f + 4. Let b be g(7). Let p = b + 15. Suppose -20 - 5 = -p*d. What is the units digit of d?
5
Let c = 22 + 30. Suppose 0 = 4*m - 3*i - c, -15 = -4*i + 1. What is the units digit of m?
6
Let x(w) = -10 - w + 13 - 5. Let k be x(-5). Let q = 2 + k. What is the units digit of q?
5
Let g(p) = -p**3 + p**2 - 2*p + 304. Let h be g(0). Suppose -200 = -3*c + h. What is the hundreds digit of c?
1
Let t(f) = 10*f + 16. Let w = -35 + 42. What is the tens digit of t(w)?
8
Let n be (0 + 2 - -1)/(3 - 2). Suppose 4*a - 371 = -n*d, 2*a - 144 = d + 39. What is the units digit of a?
2
Let q(f) = f**3 - 6*f**2 + 4*f - 56. What is the tens digit of q(18)?
0
Suppose -6 = -y - 3*y - 3*i, 0 = i - 2. Suppose f = 0, -t - 5*f - 11 = -y*t. Let b = 21 + t. What is the tens digit of b?
1
Let p(r) = -r**3 + 6*r**2 + 3*r - 9. Let t be p(5). Let m = t + -13. What is the units digit of m?
8
Let v(k) = 264*k + 356. What is the tens digit of v(4)?
1
Let o(v) = -8*v**3 - 13*v**2 + 2*v - 4. Let q(y) = -4*y**3 - 6*y**2 + y - 2. Let i(d) = 6*o(d) - 13*q(d). What is the tens digit of i(2)?
3
Suppose -7*w + 3979 = -767. Suppose 0 = -40*p + 37*p + w. What is the hundreds digit of p?
2
Let f(n) = n**3 + 18*n**2 - 20*n + 5. What is the hundreds digit of f(-18)?
3
Let y = 1573 + -215. What is the hundreds digit of y?
3
Suppose k - 50 = -k. Let t = k + -24. Suppose 0 = 2*p - 1 - t, 2*i + p - 5 = 0. What is the units digit of i?
2
Suppose -3*f + 25 = -2*t, f + 5*t - 19 = 3*t. Suppose -3*m + f = -10. Let o = m + 17. What is the units digit of o?
4
Let y(w) = 4*w**2 + 17*w + 88. What is the hundreds digit of y(-13)?
5
Suppose -21*y - 78 = -24*y. Suppose -d + 48 = -y. What is the tens digit of d?
7
Suppose 5*n + 2*t + 371 + 178 = 0, n + 99 = -4*t. Let c = n + 112. What is the units digit of c?
1
Let m be ((-3)/(-1))/(5 - (-20)/(-5)). Suppose 410 = 3*o - 4*a, -2*o + m*a - 98 = -372. What is the hundreds digit of o?
1
Let z = -16 + 20. Suppose -m + 441 = -z*m. Let f = -89 - m. What is the tens digit of f?
5
Suppose -46*r + 156690 = -16*r. What is the thousands digit of r?
5
Let l(c) = -c**3 - 8*c**2 + 39*c + 4. What is the tens digit of l(-13)?
4
What is the hundreds digit of (1914/4)/(53/106)?
9
Let z(m) = -9*m + 273. What is the units digit of z(15)?
8
Let b(o) = o**3 - 16*o**2 + 15*o. Let v be b(15). Suppose -5*s + s + 876 = v. What is the units digit of s?
9
Let o(x) be the first derivative of -x**4/4 + 4*x**3/3 + x**2 + 1. What is the tens digit of o(-3)?
5
Suppose -145*o = -146*o + 2817. What is the hundreds digit of o?
8
Suppose -f - 2*b = 42, 3*f + 143 + 3 = -b. What is the tens digit of 6214/65 + (-5)/(f/4)?
9
Let l = 129 + -237. Let v = 184 + l. What is the units digit of v?
6
Let b(k) = -k**3 + 2*k**2 + 4*k - 8. Let n be b(4). Let v = n - -14. What is the units digit of v/25 - (-37)/5?
7
Suppose 4*b - 3 = -x + 55, 3*x - 167 = -5*b. Let p be -2 + (x - (1 - 2)). Suppose -3*z = -z + 6, 2*f - 5*z = p. What is the tens digit of f?
1
Suppose -55*i = -103*i + 158736. What is the hundreds digit of i?
3
Let b(x) = x**2 - 3*x + 8. Let m be b(10). Suppose -166 = -4*j + 3*n + m, -2*j - 2*n = -122. What is the tens digit of j?
6
Suppose -4*j + 107 = 2*b - 15, -2*j - 3*b = -67. Let u = j + -16. Suppose 0 = -u*c + 17*c - 24. What is the units digit of c?
6
Let l = 623 + -302. Let b = -47 + l. What is the hundreds digit of b?
2
Let d(j) = -54*j - 3*j**2 + 28 + 2*j**2 + 23*j + 8*j. What is the units digit of d(-20)?
8
Let f(v) = 4*v - 9. Let g be f(7). Let b(s) = 4*s - 5. Let k be b(2). Suppose -k*j + 1 = -4*o - g, 3*o - 27 = -3*j. What is the units digit of j?
8
Suppose 5*x - j - 92 = 4*x, -4*j = 3*x - 297. What is the units digit of x?
5
Suppose 3*f = 9, -3*f + 0*f - 9 = -3*x. Let u(l) = 5*l**2 + 2*l + 1 - x*l + 4*l. What is the units digit of u(-1)?
6
Let h(l) = -32*l**2 + l + 3. Let p be h(2). What is the units digit of p/(-9)*(-3 + 6)?
1
Let a be -3 + 5 - 89*-5. Let n = 237 - a. What is the tens digit of 7/(-28) - n/8?
2
Let t(w) = -w**2 + 15*w - 18. Let p be t(14). Let n be (-188)/(-36) + p/18. Let z(u) = 3*u. What is the tens digit of z(n)?
1
Suppose -23*d + 3719 = -1709. What is the tens digit of d?
3
Let i(g) = g**3 + 2*g**2 - g + 1. Let a(r) = r**3 - 7*r**2 + 7*r - 8. Let b be a(6). Let y be i(b). What is the units digit of (y - 6/3)*7?
7
Let q(i) be the first derivative of 2*i**3/3 - 9*i**2 - 41*i + 26. What is the units digit of q(15)?
9
Suppose 0 = -t + 1. Let n be -1 + t + 12 + -10. Suppose 32 = n*j + 2*y, -j - j = -3*y - 52. What is the units digit of j?
0
Suppose 0 = -3*w - 4*g + 112, 5*w - g - 94 = 62. Let t = 74 - w. What is the units digit of t?
2
What is the units digit of 6880/10 + 7 + 4?
9
Suppose j + 8 = -v - 0*v, -j = 4. What is the units digit of v/(-4)*3 - -55?
8
Let s = -17 + 13. Let h be (-2 + 4)*s/2. What is the tens digit of ((-430)/(-8))/(-5)*h?
4
Suppose 38*g - 82010 = 32294. What is the thousands digit of g?
3
Suppose 2 = -5*o + 7. Let c be ((-30)/(-4))/((-2)/(-4)). What is the tens digit of (-4)/(-2) +